 111010 (base 2) in base 15?
3d
Convert -1 (base 14) to base 15.
-1
2 (base 10) to base 6
2
What is 22 (base 4) in base 11?
a
1440 (base 5) to base 3
100002
Convert -2 (base 14) to base 2.
-10
2 (base 4) to base 12
2
142 (base 6) to base 5
222
Convert -2 (base 10) to base 16.
-2
Convert -56 (base 16) to base 7.
-152
What is -13 (base 16) in base 2?
-10011
What is -77 (base 9) in base 16?
-46
-2 (base 15) to base 13
-2
What is 2 (base 12) in base 11?
2
What is -82 (base 11) in base 9?
-110
Convert 21 (base 14) to base 11.
27
100 (base 2) to base 13
4
What is 3 (base 10) in base 4?
3
Convert 1 (base 13) to base 2.
1
What is 123 (base 11) in base 3?
12102
-23 (base 7) to base 11
-16
Convert -2 (base 16) to base 5.
-2
What is 11 (base 6) in base 15?
7
Convert 2 (base 3) to base 9.
2
What is 2 (base 8) in base 7?
2
-2 (base 7) to base 10
-2
-2 (base 9) to base 5
-2
What is 45 (base 11) in base 10?
49
What is c (base 14) in base 15?
c
-10000001 (base 2) to base 13
-9c
Convert 5 (base 15) to base 16.
5
What is 4 (base 15) in base 7?
4
1 (base 10) to base 7
1
What is 17 (base 12) in base 6?
31
Convert -3 (base 11) to base 3.
-10
14 (base 14) to base 6
30
What is -1002 (base 3) in base 6?
-45
0 (base 4) to base 7
0
What is -114 (base 5) in base 3?
-1021
Convert -16 (base 11) to base 15.
-12
Convert 12 (base 14) to base 12.
14
What is 1 (base 12) in base 9?
1
Convert -211 (base 3) to base 16.
-16
Convert 3 (base 14) to base 5.
3
-5 (base 9) to base 15
-5
5 (base 15) to base 8
5
What is -4c (base 16) in base 6?
-204
What is -241 (base 5) in base 14?
-51
Convert -1 (base 5) to base 16.
-1
Convert 52 (base 7) to base 8.
45
Convert 20 (base 4) to base 2.
1000
107 (base 8) to base 14
51
11 (base 2) to base 7
3
Convert -78 (base 13) to base 4.
-1203
Convert 17 (base 8) to base 9.
16
What is 15 (base 7) in base 5?
22
What is 215 (base 11) in base 9?
316
Convert -27 (base 15) to base 7.
-52
What is -11b (base 12) in base 15?
-b2
What is 113 (base 7) in base 6?
135
What is -20 (base 5) in base 9?
-11
Convert -22 (base 4) to base 10.
-10
Convert -242 (base 12) to base 14.
-1a2
Convert -1 (base 6) to base 16.
-1
What is -11001 (base 2) in base 10?
-25
Convert 37 (base 8) to base 3.
1011
What is 3 (base 12) in base 13?
3
0 (base 2) to base 8
0
What is -164 (base 10) in base 4?
-2210
16 (base 8) to base 3
112
What is 10 (base 15) in base 14?
11
Convert 61 (base 12) to base 16.
49
What is -13 (base 5) in base 14?
-8
Convert 150 (base 10) to base 13.
b7
What is -6 (base 11) in base 12?
-6
0 (base 3) to base 6
0
-3 (base 4) to base 7
-3
ff (base 16) to base 13
168
Convert -8 (base 13) to base 9.
-8
What is 13 (base 8) in base 4?
23
What is 121 (base 3) in base 9?
17
Convert -c (base 15) to base 11.
-11
What is -115 (base 8) in base 7?
-140
Convert -41 (base 15) to base 9.
-67
What is 124 (base 12) in base 13?
103
134 (base 10) to base 5
1014
What is -1301 (base 5) in base 11?
-173
Convert 230 (base 4) to base 3.
1122
What is -2 (base 8) in base 15?
-2
1 (base 4) to base 8
1
0 (base 11) to base 13
0
-29 (base 13) to base 10
-35
What is 3 (base 12) in base 15?
3
What is -3 (base 14) in base 5?
-3
Convert 2 (base 12) to base 10.
2
What is -100110000 (base 2) in base 15?
-154
Convert -100 (base 2) to base 14.
-4
What is -33 (base 4) in base 2?
-1111
88 (base 11) to base 13
75
-163 (base 10) to base 5
-1123
What is -107 (base 9) in base 4?
-1120
-111 (base 10) to base 7
-216
-321 (base 4) to base 5
-212
120 (base 3) to base 13
12
-152 (base 9) to base 7
-242
What is 10 (base 5) in base 4?
11
What is -14 (base 9) in base 12?
-11
-1 (base 15) to base 13
-1
What is -6 (base 15) in base 8?
-6
0 (base 10) to base 4
0
Convert 16 (base 14) to base 3.
202
21102 (base 3) to base 7
404
3 (base 16) to base 6
3
What is 33 (base 4) in base 5?
30
Convert 10 (base 12) to base 10.
12
-43 (base 5) to base 4
-113
-4 (base 12) to base 9
-4
What is 72 (base 15) in base 5?
412
What is 3a (base 16) in base 14?
42
-3 (base 12) to base 15
-3
231 (base 4) to base 2
101101
What is 7 (base 13) in base 12?
7
Convert -19 (base 15) to base 12.
-20
Convert -25 (base 9) to base 2.
-10111
What is 0 (base 6) in base 10?
0
What is 10 (base 16) in base 9?
17
-1 (base 4) to base 15
-1
Convert -5 (base 7) to base 10.
-5
Convert 10100001 (base 2) to base 10.
161
Convert -140 (base 7) to base 3.
-2212
Convert 0 (base 12) to base 10.
0
What is -20 (base 4) in base 14?
-8
Convert 64 (base 9) to base 15.
3d
7 (base 13) to base 16
7
Convert 3c (base 14) to base 13.
42
142 (base 7) to base 4
1033
72 (base 9) to base 2
1000001
3 (base 11) to base 14
3
313 (base 4) to base 11
50
What is 11 (base 5) in base 8?
6
Convert 3 (base 5) to base 2.
11
Convert 23 (base 13) to base 2.
11101
5 (base 10) to base 14
5
What is a (base 16) in base 3?
101
What is -122 (base 5) in base 13?
-2b
What is 1a (base 11) in base 7?
30
152 (base 8) to base 10
106
Convert -1100 (base 2) to base 7.
-15
2 (base 15) to base 12
2
30 (base 6) to base 2
10010
What is 2 (base 16) in base 5?
2
Convert 18 (base 13) to base 8.
25
-10 (base 2) to base 16
-2
Convert -11100 (base 2) to base 7.
-40
-68 (base 15) to base 2
-1100010
What is -16 (base 7) in base 16?
-d
13 (base 8) to base 4
23
What is -100 (base 4) in base 7?
-22
Convert -117 (base 11) to base 10.
-139
-37 (base 15) to base 7
-103
23 (base 13) to base 6
45
What is 11122 (base 3) in base 8?
175
Convert -10 (base 3) to base 4.
-3
What is 1a (base 11) in base 7?
30
Convert -15 (base 11) to base 16.
-10
-4 (base 8) to base 2
-100
Convert 12 (base 4) to base 15.
6
What is 8 (base 12) in base 15?
8
Convert -127 (base 12) to base 11.
-14a
Convert -11 (base 4) to base 5.
-10
Convert -30 (base 13) to base 15.
-29
Convert -219 (base 11) to base 8.
-406
Convert 11211 (base 3) to base 5.
1010
-6 (base 9) to base 4
-12
What is -6a (base 13) in base 14?
-64
What is 5 (base 15) in base 3?
12
Convert -26 (base 14) to base 8.
-42
11 (base 4) to base 5
10
Convert 40 (base 5) to base 4.
110
Convert 4 (base 7) to base 2.
100
What is -10120 (base 3) in base 15?
-66
What is -336 (base 9) in base 10?
-276
What is 6 (base 14) in base 9?
6
-50 (base 11) to base 5
-210
What is 1 (base 2) in base 12?
1
What is 4 (base 8) in base 13?
4
1 (base 4) to base 14
1
What is -34 (base 6) in base 5?
-42
Convert 1 (base 9) to base 11.
1
Convert 8b (base 13) to base 10.
115
-1 (base 2) to base 7
-1
Convert 1100011 (base 2) to base 12.
83
11011 (base 2) to base 12
23
What is 10010001 (base 2) in base 9?
171
What is -12 (base 12) in base 14?
-10
What is 3 (base 11) in base 13?
3
What is 12 (base 8) in base 2?
1010
-112 (base 6) to base 9
-48
Convert -8 (base 14) to base 11.
-8
-211 (base 7) to base 13
-82
Convert -4 (base 13) to base 8.
-4
What is 2 (base 3) in base 10?
2
What is 5 (base 7) in base 14?
5
Convert 1 (base 13) to base 9.
1
What is 1 (base 9) in base 3?
1
-2 (base 8) to base 13
-2
What is 5 (base 16) in base 8?
5
-10 (base 11) to base 13
-b
Convert -49 (base 14) to base 13.
-50
What is 5 (base 7) in base 6?
5
-1 (base 16) to base 3
-1
12 (base 4) to base 10
6
What is 7 (base 16) in base 14?
7
Convert -2 (base 13) to base 11.
-2
103 (base 4) to base 14
15
What is 10 (base 2) in base 10?
2
Convert -1 (base 6) to base 7.
-1
Convert -4 (base 13) to base 3.
-11
0 (base 13) to base 14
0
-5 (base 16) to base 12
-5
Convert -10110 (base 2) to base 14.
-18
Convert -8 (base 10) to base 5.
-13
What is c (base 13) in base 10?
12
Convert -4 (base 6) to base 14.
-4
Convert -18 (base 12) to base 13.
-17
20 (base 3) to base 15
6
What is 3 (base 8) in base 2?
11
-9 (base 10) to base 8
-11
What is 31 (base 4) in base 11?
12
What is -415 (base 6) in base 13?
-bc
-1023 (base 6) to base 12
-173
What is 3 (base 7) in base 2?
11
What is -10 (base 7) in base 10?
-7
Convert -1 (base 8) to base 2.
-1
What is 24 (base 8) in base 6?
32
3 (base 6) to base 2
11
What is 5 (base 8) in base 2?
101
Convert 1 (base 5) to base 10.
1
1211 (base 3) to base 10
49
What is 3 (base 14) in base 2?
11
-100 (base 4) to base 9
-17
Convert 9 (base 11) to base 7.
12
What is -13 (base 6) in base 14?
-9
What is -10 (base 3) in base 7?
-3
441 (base 6) to base 4
2221
Convert -8 (base 9) to base 8.
-10
62 (base 9) to base 5
211
Convert -11 (base 6) to base 16.
-7
-12 (ba